ppose -7*g + z*g = -42. What is the tens digit of s(g)?
8
Let v = 59397 - 31067. What is the hundreds digit of v?
3
Let n(d) = 18*d**2 - 2*d - 5. Suppose -2*s = -4*p + 10, -s + 3*p = -2*p + 14. Let b be s - 5/((-20)/(-12)). What is the tens digit of n(b)?
7
Suppose 5*c - 70 = l, 3 = c + 2*l - 0. Suppose 3*p - c = -b + 53, -b = -p - 54. What is the units digit of b?
7
Let m(k) = 18*k**3 - 9*k**2 + 2*k - 10. Suppose 4*x - 4*z = 0, -3*z + 23 = x + 11. What is the hundreds digit of m(x)?
4
Let r(m) = -34*m - 2. Let x be r(-2). Let l be ((-32)/(-20))/4 - x/15. What is the units digit of (-15)/(-10)*l/6 - -88?
7
Suppose 0 = 5*x - z - 798, -8*z + 3*z + 144 = x. Suppose 0 = -0*t - 2*t - 3*h + x, -t + 57 = -3*h. What is the units digit of ((-14)/4)/((-12)/t)?
1
Let n(j) = -3*j**3 - 18*j**2 + 26616. What is the ten thousands digit of n(0)?
2
Let o be 12/6 - (-64 - 0). Let d be (9/(-8))/(34/(-272)). What is the tens digit of (12/(-4) - d)/((-4)/o)?
9
Let g = -506 + 508. Suppose 0 = -g*t + 3*j + 2908, -t + 0*t + j + 1453 = 0. What is the thousands digit of t?
1
Let t = -225 - -225. Let c(g) = g**3 + g**2 - 2*g + 462. What is the tens digit of c(t)?
6
Let j be (-1 + (-14)/(-8))/((-34)/(-136)). Suppose -z - z = -5*p - 111, -2*z + 117 = -j*p. Let t = z + 78. What is the hundreds digit of t?
1
Suppose 2*k + k - 9 = 0. Suppose 5*s - 39 = 2*s + d, 0 = 3*s - k*d - 45. What is the units digit of -8*s/(-16)*41/3?
2
Let u(o) = o**3 + 8*o**2 + 12*o + 2. Let k be u(-6). Suppose k*p + 0*p - 660 = 0. What is the hundreds digit of p?
3
Suppose -3*g + 1 + 5 = 0. Let h(f) = -15*f + 6*f + 5*f**g - 13 - 3*f**2. What is the units digit of h(-6)?
3
Let c(h) = -h**2 + 32*h - 34. Suppose 9*b = 11*b - 6. Suppose -b*m + 46 = -23. What is the hundreds digit of c(m)?
1
Suppose -i + 75538 = -11*x + 13*x, x - 7*i = 37739. What is the tens digit of x?
6
Suppose -483688 = 72*l - 1996912. What is the hundreds digit of l?
0
Let u(v) = v - 10. Let i be u(7). Let m(l) = l**2 + 6*l + 6. Let a be m(i). Let x(w) = -22*w - 16. What is the tens digit of x(a)?
5
Let q = 2828 + 8941. What is the hundreds digit of q?
7
Suppose 18*m - 16*m + 22*m = 317160. What is the tens digit of m?
1
Let b = 694 + -311. Let o be 1/((-3261)/1632 + 2). Let g = o - b. What is the hundreds digit of g?
1
Suppose 131*l - 881309 - 266906 = 0. What is the hundreds digit of l?
7
Suppose 3323 = 3*f - 2*g, -4429 = -13*f + 9*f + 3*g. What is the units digit of f?
1
Let w(z) = -254*z**3 + 4*z**2 + 20*z + 24. What is the tens digit of w(-2)?
3
Let i = 38008 - 13778. What is the units digit of i?
0
Suppose 2136 = m + 48*z - 44*z, 4*m - 5*z - 8523 = 0. What is the hundreds digit of m?
1
Let y = 1235 + -876. Let l = y + 1141. What is the units digit of l?
0
Let c = 9238 - 8416. What is the hundreds digit of c?
8
Let n be 9*((2 - 4) + 16/6). What is the units digit of 581 - (n + -15 + 4)?
6
Let p = 8600 - 1888. Suppose -27*x + 19*x = -p. What is the hundreds digit of x?
8
Let t(u) = u**3 - 5*u**2 + 3*u + 6. Let a be t(4). Suppose -45 = -8*g + 5*g. Suppose -91 = -a*r + g. What is the tens digit of r?
5
Suppose 9*g - 11*g + 154 = 0. Let u be 3/(-2) - g/(-22). Suppose 0*y - 3*v = -3*y + 48, 4*v + 24 = u*y. What is the units digit of y?
0
What is the tens digit of 85/102 - 533042/(-12)?
2
Let n(o) = 17*o**3 + 8*o**2 - 19*o + 1. Let s be n(5). Suppose 5*w - k = s, -9*w + 8*w = -3*k - 435. What is the hundreds digit of w?
4
Suppose -15 + 0 = -3*a, 5*a - 112618 = -3*g. What is the tens digit of g?
3
Let b = -6 - -21. Suppose r = 4*r - b. Suppose 3*m - y = 80, 3*m + 130 = 8*m - r*y. What is the tens digit of m?
2
Let z = -53065 - -112706. What is the thousands digit of z?
9
What is the tens digit of 26/(-65) - 411024/(-60)?
5
Let d(g) = -g. Let v = 48 - 53. Let h(j) = -21*j + 31. Let b(n) = v*d(n) + h(n). What is the units digit of b(-6)?
7
Let n be 3851 - 4/(-12)*2*6. Suppose 0 = -9*c - 6*c + n. What is the hundreds digit of c?
2
Suppose 3*o + 1 = -y - 12, 4*y = o + 13. Let h be 370 + (40/(-5))/y. Let u = h - 132. What is the hundreds digit of u?
2
Suppose 265 = 4*c + 29. Suppose -c*x = -58*x + 71. Let m = 139 + x. What is the units digit of m?
8
Let k(m) = 2*m**2 - 155*m + 78. Let x be k(77). Let w(p) = 148*p**2 - p + 1. Let a(y) = y**2 + y - 1. Let t(v) = 3*a(v) + w(v). What is the tens digit of t(x)?
5
Let i = -48 + 61. Suppose -i*l + 2496 = -1261. What is the units digit of -4 - 1 - (18 - l)?
6
What is the tens digit of (-8 + ((-132639)/(-65) - -6))/(1/5)?
9
Let z be (-4627)/35 - 9/(-45). Let l = 651 + z. What is the units digit of l?
9
Let d be 30/(-4)*14/21. Let w be (-4 - 0) + -1 - -7. What is the units digit of (d/w + 2)*206/(-1)?
3
Let h(m) = 24*m**2 - 13*m + 9. Let t be h(5). Suppose 6*b = 1802 + t. What is the units digit of b?
1
Suppose -34402 = -17*z + 247458. What is the tens digit of z?
8
Let v(i) = -36*i - 133. Let r = -643 + 617. What is the units digit of v(r)?
3
Let s(d) = d**3 - 48*d**2 - 93*d + 314. What is the tens digit of s(51)?
7
Suppose -7*t + 9 = -10*t, -t - 1391 = -2*j. Suppose -703*b + j*b = -729. What is the tens digit of b?
8
Suppose -6 = 3*s, -26*x + 30*x - s = 2. Suppose -4*q + 408 + 3636 = x. What is the units digit of q?
1
Let m(w) = 4*w**2 + 2*w - 12. Let l be m(9). Suppose z = 4*z + l. What is the units digit of 416/5 - (-22)/z?
3
Suppose -365*c = -347*c - 45035 - 62839. What is the tens digit of c?
9
Suppose 7*x = 6*x - 5*y + 41, -y + 53 = 3*x. Suppose -x*a + 19*a = -1113. Let u = a + 639. What is the tens digit of u?
6
Let f(b) = -1315*b + 3288. What is the tens digit of f(-33)?
8
Let u(s) = 105*s**2 - 123*s - 362. What is the units digit of u(-3)?
2
Let h = -14723 - -39486. What is the ten thousands digit of h?
2
Let g = 111 + -108. Let o(a) = 37*a + 15. What is the hundreds digit of o(g)?
1
Let i = 3207 + 6465. What is the thousands digit of i?
9
Let j be -6 + 24/30*(-250)/(-20). Let g = 18 - 2. What is the tens digit of (-39)/(-6*j/g)?
2
Let m(k) be the second derivative of 1/2*k**2 - 23/5*k**5 - 1/6*k**4 + 0*k**3 + 0 + 9*k. What is the tens digit of m(-1)?
9
Suppose -2*c + 975 = 3*c. Let l be ((-4)/3)/(1/(-3)). Suppose c = 9*s - l*s. What is the units digit of s?
9
Let f(z) = 17*z - 19. Let o be f(3). Let w = -27 + o. Suppose q - 79 - 147 = -5*s, -1050 = -w*q - 5*s. What is the units digit of q?
6
Let v(w) = 16*w + 13. Let c(p) = 24*p - 18. Let u be c(1). What is the hundreds digit of v(u)?
1
Let t(v) = 5*v - 5. Let j(a) = a**2 - 11*a + 12. Let g be j(10). Let m be t(g). Suppose o = m*d - 457, 2*d - 207 = o - 23. What is the units digit of d?
1
Let r(p) = -50*p**3 - 3*p**2 - 5*p - 8. Let i be ((-4)/(-12) - 0)/((-3)/18). What is the hundreds digit of r(i)?
3
What is the tens digit of (12/(-30) - -1)*15/9 - -3401?
0
Let m be ((-32)/4 - 0)*-15. Let k be (-138)/5*m/36. Let v = 12 - k. What is the tens digit of v?
0
Suppose -2*p + 128 = 3*d - d, 0 = -p + d + 58. Let y = -56 + p. Suppose -250 = -y*x + 180. What is the tens digit of x?
8
Let n be 8 - ((-2)/(-4))/(1/(-6)). Suppose -3*l = -7*c + n*c - 6261, -2*l = 10. What is the units digit of c?
9
Suppose -3163 = 8*x + 3045. What is the tens digit of (x/(-6))/((-12)/(-18))?
9
Suppose 13*c + 13*c - 269463 = 371853. What is the hundreds digit of c?
6
Let z(n) = 141*n**2 + 136*n + 999. What is the hundreds digit of z(-7)?
9
Let a be 4*((-2)/4 - -1). Suppose q - 3 = a*q. What is the units digit of -1 - (-58 + q + 3)?
7
Let c = -6391 + 18464. What is the ten thousands digit of c?
1
Suppose 0 = -4*k - 4*a + 73281 + 52523, -2*k = -4*a - 62860. What is the units digit of k?
4
Suppose -15*y = -8*y - 105. Let w be ((-234)/(-15))/(6/y). Suppose -840 = 34*t - w*t. What is the tens digit of t?
6
Let w(y) = -2*y**3 - 4*y**2 + 5*y - 2. Let v(z) be the first derivative of 2*z**3/3 - 3*z**2/2 - 5*z + 37. Let h be v(0). What is the units digit of w(h)?
3
Suppose 10*w + 15 = 5*w. Let z(m) = -28*m + 3. Let a be z(w). Let k = -60 + a. What is the tens digit of k?
2
Let q(x) = 25*x - 27. Suppose 5*o + 15 = -h, 8*o = 5*h + 4*o - 70. What is the units digit of q(h)?
3
Let u(q) = -3*q**2 + 24 - 70 - 42 + 4*q**2 - 5*q. What is the units digit of u(-17)?
6
Suppose 10*f - 84 = 4*f. Suppose 3997 = f*x - 2093. What is the hundreds digit of x?
4
Let y(k) = k**3 + 10*k**2 + 6*k